{"id":174,"date":"2024-10-15T10:10:54","date_gmt":"2024-10-15T10:10:54","guid":{"rendered":"https:\/\/skreiaraceway.no\/?page_id=174"},"modified":"2026-03-16T17:47:48","modified_gmt":"2026-03-16T17:47:48","slug":"om-oss-2","status":"publish","type":"page","link":"https:\/\/skreiaraceway.no\/?page_id=174","title":{"rendered":"Om klubben"},"content":{"rendered":"\n<p>Skreia Raceway ble grunnlagt v\u00e5ren 2020, b\u00e5de med \u00f8nske om \u00e5 skape et milj\u00f8 for radiostyrt motorsport i n\u00e6romr\u00e5det og i tillegg kunne tilby en bane for 1:10 offroad p\u00e5 Toten. <\/p>\n\n\n\n<p>Under \u00e5rsm\u00f8tet i 2025 ble det besluttet&nbsp;\u00e5 melde klubben inn i Norges Motorsportforbund og Norges idrettsforbund. Som et ledd i denne prosessen m\u00e5tte ogs\u00e5 navnet endres til Skreia RC Bilklubb. Skreia Raceway vil fortsatt benyttes som terminlistenavn, og som navn p\u00e5 klubbens hjemmebane.<\/p>\n\n\n\n<div style=\"height:35px\" aria-hidden=\"true\" class=\"wp-block-spacer\"><\/div>\n\n\n\n<figure class=\"wp-block-image size-full is-resized\"><img fetchpriority=\"high\" decoding=\"async\" width=\"846\" height=\"425\" src=\"https:\/\/skreiaraceway.no\/wp-content\/uploads\/2024\/10\/IMG_1222-2.jpg\" alt=\"\" class=\"wp-image-219\" style=\"width:618px;height:auto\" srcset=\"https:\/\/skreiaraceway.no\/wp-content\/uploads\/2024\/10\/IMG_1222-2.jpg 846w, https:\/\/skreiaraceway.no\/wp-content\/uploads\/2024\/10\/IMG_1222-2-300x151.jpg 300w, https:\/\/skreiaraceway.no\/wp-content\/uploads\/2024\/10\/IMG_1222-2-768x386.jpg 768w\" sizes=\"(max-width: 846px) 100vw, 846px\" \/><\/figure>\n\n\n\n<div style=\"height:29px\" aria-hidden=\"true\" class=\"wp-block-spacer\"><\/div>\n\n\n\n<p>Klubben er registrert i Br\u00f8nn\u00f8ysundregistrene, og har et styre p\u00e5 5 medlemmer og 1 varamedlem. Styret best\u00e5r av:<\/p>\n\n\n\n<ul class=\"wp-block-list\">\n<li>Arne-Peder Flesvik (Styreleder)<\/li>\n\n\n\n<li>Sven-Eirik Sannes (Nestleder)<\/li>\n\n\n\n<li>Kjetil Reinsby (Styremedlem)<\/li>\n\n\n\n<li>Ronny Nilsen (Styremedlem)<\/li>\n\n\n\n<li>Turid Moen Sannes (Styremedlem)<\/li>\n\n\n\n<li>Jo Kenneth Rognstad (Varamedlem)<\/li>\n<\/ul>\n\n\n\n<div style=\"height:41px\" aria-hidden=\"true\" class=\"wp-block-spacer\"><\/div>\n\n\n\n<h2 class=\"wp-block-heading\">Kart<\/h2>\n\n\n\n<div class=\"wp-block-columns is-layout-flex wp-container-core-columns-is-layout-28f84493 wp-block-columns-is-layout-flex\">\n<div class=\"wp-block-column is-layout-flow wp-block-column-is-layout-flow\">\n<iframe src=\"https:\/\/www.google.com\/maps\/embed?pb=!1m18!1m12!1m3!1d1955.3755745276394!2d10.964504377343172!3d60.653411975282474!2m3!1f0!2f0!3f0!3m2!1i1024!2i768!4f13.1!3m3!1m2!1s0x4641e856d60e25b1%3A0xc27b5a2204cfe35e!2sUlsrudvegen%2032%2C%202848%20Skreia!5e0!3m2!1sno!2sno!4v1729407877224!5m2!1sno!2sno\" width=\"600\" height=\"450\" style=\"border:0;\" allowfullscreen=\"\" loading=\"lazy\" referrerpolicy=\"no-referrer-when-downgrade\"><\/iframe>\n<\/div>\n<\/div>\n","protected":false},"excerpt":{"rendered":"<p>Skreia Raceway ble grunnlagt v\u00e5ren 2020, b\u00e5de med \u00f8nske om \u00e5 skape et milj\u00f8 for radiostyrt motorsport i n\u00e6romr\u00e5det og i tillegg kunne tilby en bane for 1:10 offroad p\u00e5 Toten. Under \u00e5rsm\u00f8tet i 2025 ble det besluttet&nbsp;\u00e5 melde klubben inn i Norges Motorsportforbund og Norges idrettsforbund. Som et ledd i denne prosessen m\u00e5tte ogs\u00e5 [&hellip;]<\/p>\n","protected":false},"author":1,"featured_media":0,"parent":0,"menu_order":0,"comment_status":"closed","ping_status":"closed","template":"","meta":{"footnotes":""},"class_list":["post-174","page","type-page","status-publish","hentry"],"_links":{"self":[{"href":"https:\/\/skreiaraceway.no\/index.php?rest_route=\/wp\/v2\/pages\/174","targetHints":{"allow":["GET"]}}],"collection":[{"href":"https:\/\/skreiaraceway.no\/index.php?rest_route=\/wp\/v2\/pages"}],"about":[{"href":"https:\/\/skreiaraceway.no\/index.php?rest_route=\/wp\/v2\/types\/page"}],"author":[{"embeddable":true,"href":"https:\/\/skreiaraceway.no\/index.php?rest_route=\/wp\/v2\/users\/1"}],"replies":[{"embeddable":true,"href":"https:\/\/skreiaraceway.no\/index.php?rest_route=%2Fwp%2Fv2%2Fcomments&post=174"}],"version-history":[{"count":27,"href":"https:\/\/skreiaraceway.no\/index.php?rest_route=\/wp\/v2\/pages\/174\/revisions"}],"predecessor-version":[{"id":385,"href":"https:\/\/skreiaraceway.no\/index.php?rest_route=\/wp\/v2\/pages\/174\/revisions\/385"}],"wp:attachment":[{"href":"https:\/\/skreiaraceway.no\/index.php?rest_route=%2Fwp%2Fv2%2Fmedia&parent=174"}],"curies":[{"name":"wp","href":"https:\/\/api.w.org\/{rel}","templated":true}]}}