{"id":258,"date":"2024-10-24T08:46:46","date_gmt":"2024-10-24T08:46:46","guid":{"rendered":"https:\/\/skreiaraceway.no\/?page_id=258"},"modified":"2026-04-22T07:15:19","modified_gmt":"2026-04-22T07:15:19","slug":"medlemskap","status":"publish","type":"page","link":"https:\/\/skreiaraceway.no\/?page_id=258","title":{"rendered":"Medlemskap"},"content":{"rendered":"\n<p><\/p>\n\n\n\n<figure class=\"wp-block-table\"><table class=\"has-fixed-layout\"><tbody><tr><td>Medlemskontigent 2026<\/td><td>100 kroner<\/td><\/tr><tr><td>Kj\u00f8reavgift enkeltdag<\/td><td>50 kroner<\/td><\/tr><tr><td>Kj\u00f8reavgift sesong <\/td><td>400 kroner (200 kr. pr. ekstra familiemedlem)<\/td><\/tr><\/tbody><\/table><\/figure>\n\n\n\n<p><\/p>\n\n\n\n<p>Medlemskap tegnes p\u00e5 <a href=\"http:\/\/www.minidrett.no\" data-type=\"link\" data-id=\"www.minidrett.no\">Min idrett<\/a> eller hos <a href=\"https:\/\/medlemskap.nif.no\/Start\/Index\/1022364\" data-type=\"link\" data-id=\"www.medlemskap.nif.no\">Norges idrettsforbund<\/a>. S\u00f8k opp Skreia RC Bilklubb og registrer deg, medlemskontigent faktureres elektronisk etter innmelding. Kontigent m\u00e5 v\u00e6re betalt f\u00f8r medlemskap er gyldig. <\/p>\n\n\n\n<p>Kj\u00f8reavgift betales som tidligere p\u00e5 Vipps #652229. Skriv inn navn og dato\/sesong i meldingsfeltet.<\/p>\n\n\n\n<p>All aktivitet p\u00e5 Skreia Raceway foreg\u00e5r p\u00e5 eget ansvar, og den enkelte ut\u00f8ver, tilskuer eller andre m\u00e5 ta sine forh\u00e5ndsregler selv. Skreia Raceway st\u00e5r ikke ansvarlig for evt. ulykker eller skader som m\u00e5tte oppst\u00e5 p\u00e5 banen eller eiers eiendom.<\/p>\n","protected":false},"excerpt":{"rendered":"<p>Medlemskontigent 2026 100 kroner Kj\u00f8reavgift enkeltdag 50 kroner Kj\u00f8reavgift sesong 400 kroner (200 kr. pr. ekstra familiemedlem) Medlemskap tegnes p\u00e5 Min idrett eller hos Norges idrettsforbund. S\u00f8k opp Skreia RC Bilklubb og registrer deg, medlemskontigent faktureres elektronisk etter innmelding. Kontigent m\u00e5 v\u00e6re betalt f\u00f8r medlemskap er gyldig. Kj\u00f8reavgift betales som tidligere p\u00e5 Vipps #652229. Skriv [&hellip;]<\/p>\n","protected":false},"author":1,"featured_media":0,"parent":0,"menu_order":0,"comment_status":"closed","ping_status":"closed","template":"","meta":{"footnotes":""},"class_list":["post-258","page","type-page","status-publish","hentry"],"_links":{"self":[{"href":"https:\/\/skreiaraceway.no\/index.php?rest_route=\/wp\/v2\/pages\/258","targetHints":{"allow":["GET"]}}],"collection":[{"href":"https:\/\/skreiaraceway.no\/index.php?rest_route=\/wp\/v2\/pages"}],"about":[{"href":"https:\/\/skreiaraceway.no\/index.php?rest_route=\/wp\/v2\/types\/page"}],"author":[{"embeddable":true,"href":"https:\/\/skreiaraceway.no\/index.php?rest_route=\/wp\/v2\/users\/1"}],"replies":[{"embeddable":true,"href":"https:\/\/skreiaraceway.no\/index.php?rest_route=%2Fwp%2Fv2%2Fcomments&post=258"}],"version-history":[{"count":16,"href":"https:\/\/skreiaraceway.no\/index.php?rest_route=\/wp\/v2\/pages\/258\/revisions"}],"predecessor-version":[{"id":400,"href":"https:\/\/skreiaraceway.no\/index.php?rest_route=\/wp\/v2\/pages\/258\/revisions\/400"}],"wp:attachment":[{"href":"https:\/\/skreiaraceway.no\/index.php?rest_route=%2Fwp%2Fv2%2Fmedia&parent=258"}],"curies":[{"name":"wp","href":"https:\/\/api.w.org\/{rel}","templated":true}]}}